 3*z = c - 520, -m*z = 3*c - 868. What is the remainder when z is divided by 44?
41
Let v be ((-78)/(-24))/(-13)*5*-4. Suppose -1051 = -x - 3*c + 4*c, -v*x = 3*c - 5279. Calculate the remainder when x is divided by 24.
22
Let f = -51 - -51. Suppose f*h = -5*w + h + 2717, -4*w - h + 2179 = 0. Suppose -w = -50*v + 46*v. Calculate the remainder when v is divided by 35.
31
Let w = 498 + -821. Let r = -287 - w. What is the remainder when r is divided by 13?
10
Suppose 1261 + 186 = 28*h - 373. What is the remainder when h is divided by 45?
20
Let q(d) = -2*d - 16. Let l be q(-9). Let n(t) = 0*t**2 - 136*t + 3*t**l + 9 - t**2 + 123*t. Calculate the remainder when 62 is divided by n(7).
14
Suppose -3*n = 22 + 41. What is the remainder when 92 is divided by ((-12)/5)/((105/50)/n)?
20
Let v(h) = 5*h**2 - 2*h - 5. Let p = 325 + -468. Let k = p - -160. Calculate the remainder when v(4) is divided by k.
16
Let r = 146 + -183. Let n = r - -45. What is the remainder when n is divided by 5?
3
Let x be (44/8)/((6/4)/3). Suppose 4*d - 5 = x. Suppose -d*m + 885 = m. What is the remainder when m is divided by 45?
42
Let x = -13400 + 13415. Let j(g) = -5*g + 4. Calculate the remainder when j(-4) is divided by x.
9
Let g(u) = 8*u**3 + 4*u**2 - 63*u + 521. What is the remainder when g(9) is divided by 63?
62
Let j = 236 + -237. Calculate the remainder when 107 is divided by (-3)/((-3 - j) + (-95)/(-57)).
8
Suppose -9*h = -v - 188, -633*h + 4*v - 8 = -637*h. Let n(d) = d**3 - 8*d + 5. What is the remainder when n(5) is divided by h?
14
Let i(r) = r**3 + 7*r**2 - 20*r - 35. Calculate the remainder when 729 is divided by i(-8).
58
Suppose 3*h = -5*c + 5368, 41*h - 45*h - 5*c + 7159 = 0. What is the remainder when h is divided by 1787?
4
Suppose 4*g - 568 = 4*o, -377 = -4*g - 5*o + 173. Suppose 0 = -2*x + 4*a + 52, 10*x + g = 14*x + a. Calculate the remainder when 132 is divided by x.
30
Suppose 0 = -21*g - 5749 - 215. Let k = -277 - g. Calculate the remainder when 67 is divided by k.
4
Suppose 51*i - 23*i - 1316 = 0. What is the remainder when -14*8/(-2) + (21 - 19) is divided by i?
11
Suppose 0*m + 32*m = 161280. Suppose 0 = -46*t + 18*t + m. Calculate the remainder when t is divided by 27.
18
Suppose 8 - 5 = -d - t, -2*t - 20 = -5*d. Suppose 2*m - 212 = -d*m + 3*s, -4*s = 0. Calculate the remainder when m is divided by 9.
8
Let p(u) = 2*u**2 + 2*u - 149. What is the remainder when 3762 is divided by p(10)?
70
Let p(v) be the second derivative of -v**4/6 + 5*v**3/3 - 3*v**2 - 13*v. Let c be p(6). Let l = c + 24. Calculate the remainder when 29 is divided by l.
5
Let t(v) = -4*v**2 - 14*v + 47. Let q be t(-14). Let b = q - -572. Suppose 3*r - 77 = 196. Calculate the remainder when r is divided by b.
29
Let m(f) = -f**3 + 6*f**2 + 2*f + 3. What is the remainder when (-21)/6*(-1696)/742 - -20 is divided by m(6)?
13
Let o = -65 + 72. Suppose -5*t - 3*c + 9 = -t, -3*t + 7 = 2*c. Suppose 7 = 5*m - 3*h + 2, 4*h - 32 = -t*m. Calculate the remainder when o is divided by m.
3
Let c = 141 + -97. Let m = 6 - 34. Let h = c + m. What is the remainder when 46 is divided by h?
14
Suppose -2*g - 4*x + 16 = -g, 5*g - 80 = -5*x. What is the remainder when (-1348)/(-32) + (-2)/g is divided by 35?
7
Let w(r) = 4*r**2 - 73*r + 399. What is the remainder when w(11) is divided by 12?
8
Let j = 201 + -197. Suppose -5*d - 2*m + 1584 = 0, -j*m - 90 = -d + 240. What is the remainder when d is divided by 20?
18
Let i be (-1569)/9 - 1/(-3). Let n = 277 + i. Calculate the remainder when n is divided by 54.
49
Let l be (-2)/((-26)/561) - 6/39. What is the remainder when 115 is divided by 0 + 18 + l/(-43)?
13
Suppose 2*c = 2*n - 7*n + 73, -4*c + 161 = -5*n. Let p = -70 + 180. Calculate the remainder when p is divided by c.
32
Let c(m) = -m**3 + 6*m**2 - 7*m + 2. Let r be c(3). Suppose -4579 + 1691 = -r*s. Calculate the remainder when s is divided by 28.
25
Let b be -1 + 0 + -1 + 132. Suppose -5*g = -5*t - b - 90, -5*t = -2*g + 76. Calculate the remainder when g is divided by 27.
21
Let v = -36 - -56. Let o = -154 - -97. Calculate the remainder when ((-97)/(-3))/((-19)/o) is divided by v.
17
Let m = 17 + -159. Let r = m - -241. Let d = -2 + 23. What is the remainder when r is divided by d?
15
Suppose -a = -4*o + 164, -112 = -3*o - a - a. Let c = -3 - 7. What is the remainder when 41 is divided by 6/c*o/(-4)?
5
Suppose 3*a - 5*v - 40 = 0, -2*v - 4 - 1 = a. Suppose -32*d - 355144 = -355528. What is the remainder when d is divided by a?
2
Let v(r) = 19*r. Let s be v(2). Let k = s + -18. What is the remainder when (120/(-90))/((-4)/174) is divided by k?
18
Let l = -1566 - -1581. Suppose 3*b + 6 = 18. Suppose 2*t - 86 = -b. Calculate the remainder when t is divided by l.
11
Suppose -2*x - 2*x = 2*m - 174, 3*x = -m + 133. What is the remainder when 482 is divided by x?
22
Suppose 570*a + 4*t + 24 = 571*a, -5*a + 4*t = -232. Suppose 4*u - 5*n = 87, -u + 4*n = -2*u + 27. Calculate the remainder when a is divided by u.
6
Calculate the remainder when 154 is divided by -303 + 348 + -2 + 5*2.
48
Let m(v) = v**2 + 13*v + 42. Let q be m(-5). Suppose u = -3*x + 255, q*u + 246 = 3*x - 0*u. Calculate the remainder when x is divided by 17.
16
Let v(w) = w**3 - 6*w**2 - 8*w + 23. Let b be v(8). Suppose 0 = -5*i - c - 3*c + b, -2*c - 4 = 0. What is the remainder when 128 is divided by i?
14
Let r = 5182 + -5074. Let s(t) = 3*t**2 - 3*t - 1. Calculate the remainder when r is divided by s(-3).
3
Suppose -5*y = 3*h - 5*h - 12, 0 = 2*h - 2*y. Suppose 0 = 5*u - u - 2*n - 26, -h*n = -12. Calculate the remainder when 119 is divided by u.
7
Suppose -4*k - 142 = 254. Let p = k - -194. Let s = p - 46. Calculate the remainder when s is divided by 17.
15
Let x(d) = d**3 + 17*d**2 - 36*d + 42. Let o be x(-19). Let b(n) = 17*n + 14. Let m(f) = 10*f**2 - f + 1. What is the remainder when b(o) is divided by m(-2)?
39
Let n(s) = -6*s - 11. Let t = 327 + -600. Let d = 293 + t. Calculate the remainder when n(-8) is divided by d.
17
Let d be 10 - 8 - (138 + -1). Let h = d + 173. Calculate the remainder when 64 is divided by h.
26
Let z(c) = 3*c**2 + 12*c + 2. Let i be z(-5). Suppose 0 = -i*g + 22*g - 200. Calculate the remainder when 158 is divided by g.
38
Let l(w) be the third derivative of -w**4/24 + 7*w**3/6 + w**2. Let h = 229 - 235. Calculate the remainder when 76 is divided by l(h).
11
Suppose -q = -466*j + 462*j + 12374, 2*j + 3*q = 6180. What is the remainder when j is divided by 1536?
21
Suppose -4*u + 217 = 49 - 112. What is the remainder when 5317 is divided by u?
67
Let h = -15 + 38. Suppose -57 = -5*t - 3*z, 0 = 119*t - 114*t - 4*z - 64. Calculate the remainder when h is divided by t.
11
Let y = 0 + 10. Let f = -5 + 4. Let b(i) = -39*i - 2. Calculate the remainder when b(f) is divided by y.
7
Calculate the remainder when 3526 is divided by (-15)/60 + (-4)/32*-194.
22
Let u = 217 + -214. Suppose -u*y = 21 - 39. Calculate the remainder when 38 is divided by y.
2
Suppose -2 = 3*c - 62. Let d = 33 - 19. What is the remainder when c/35 - ((-248)/7 + 0) is divided by d?
8
Let d = -5 - -11. Let i = -5498 - -5511. Calculate the remainder when i is divided by d.
1
Let f(r) be the second derivative of 11*r - 1/6*r**3 + 1/6*r**4 + 0*r**2 + 43/20*r**5 + 0. Calculate the remainder when f(1) is divided by 23.
21
Let o(f) = f**2 - 6*f + 3. Let x be o(5). Let c(v) = -v**3 + 18*v**2 + 41*v + 15. Calculate the remainder when c(20) is divided by x/(-14) - 124/(-14).
8
Let m(l) = l**2 - 3*l + 2. Let u(z) = -z**2 - 11*z + 42. Let w be u(-15). Calculate the remainder when w*10*(-3)/12 is divided by m(5).
9
Let u = 8413 + -8395. Let g(m) = 9*m - 3. Calculate the remainder when g(6) is divided by u.
15
Suppose 27*y + 19*y - 1680 = 6*y. Calculate the remainder when 1048 is divided by y.
40
Suppose -5*a + 5 = 0, -82*a - 655 = -4*u - 77*a. Let b(p) = -p**3 - 3*p**2 + 5*p - 4. Calculate the remainder when u is divided by b(-5).
18
Let s = 1450 + -1344. Calculate the remainder when s is divided by (0 + (-16)/12)*-18.
10
Let d be (-2)/2*(27/9 - -120). Let h be 8 + -11 + 11*13. Let t = h + d. What is the remainder when 26 is divided by t?
9
Suppose 3*g - 98 = 43. Let r(w) = -10*w**3 + 8*w + 12. Let c be r(-4). Let u = -596 + c. What is the remainder wh